uppose 38 = 10*o - f. What is the greatest common factor of 40 and o?
8
Suppose 0 = 4*a + a - 325. Let r be 24/(-10)*a*-1. Let p = -4885 - -4924. Calculate the greatest common factor of p and r.
39
Suppose 14 = p + 1. Suppose 3*i - 42 = -81. Let u be (-1 - -15 - -4)*i/(-2). What is the highest common factor of u and p?
13
Let m = -284 + 922. Suppose m = 2*g - 2*h, -g - 5*h + 205 = -114. Calculate the greatest common divisor of g and 29.
29
Suppose -4*g + 426 - 114 = 0. Let d(w) = -w**3 - 11*w**2 + 1167*w + 319. Let u be d(-40). What is the highest common factor of u and g?
39
Let a(y) = 4674*y - 4355. Let z be a(1). Let d(j) = j + 6. Let k be d(5). What is the greatest common factor of z and k?
11
Suppose -42*l = -24*l - 162. What is the greatest common divisor of l and 279?
9
Let q = 598 + -413. Let d be -6 + (0 - (-3 - q)). Calculate the highest common divisor of 70 and d.
14
Let o(x) = 9*x**3 + 198*x**2 + 39. Let m be o(-22). Let y = 139 - 217. Let a be (y/4)/(1/(-2)). Calculate the highest common divisor of a and m.
39
Suppose w + 0 = 2. Suppose -17 = 9*c + 1. Let o be c/(-6)*-9 + 25. What is the highest common divisor of w and o?
2
Suppose -17916 = 51*i - 19191. Calculate the greatest common factor of i and 69950.
25
Suppose 0 = 2*c - 6 - 36. Let k be (1 - -2)/(c/21). Suppose 7*v - 46 = k. What is the highest common factor of 21 and v?
7
Let z(j) = -j**3 - 2*j + 90. Suppose 0 = -0*x + x - 3*f, 0 = 5*x - 3*f. Let s be z(x). What is the highest common factor of s and 54?
18
Let b be 1116/(-10)*(-695)/417. Let r(q) = -q**2 + q - 9. Let x be r(0). Let h(a) = -2*a + 13. Let s be h(x). Calculate the highest common factor of b and s.
31
Let v(k) = k**2 - 16*k - 75. Let n be v(21). Suppose 5*y + 13*f - 18*f = n, 5*y = -2*f + 2. What is the highest common factor of 8 and y?
2
Let s be (-53)/((774/864)/(-43)). What is the highest common factor of s and 795?
159
Suppose q = -h + 132, 3*h - 13*q + 17*q - 399 = 0. What is the greatest common divisor of 43 and h?
43
Suppose 4*h + 4*u = 100, h + 5*u - 11 = -10. What is the highest common factor of h and 3?
1
Let v(h) = -h**2 - 59*h - 384. Let f be v(-48). Calculate the greatest common factor of f and 1776.
48
Let r(l) = -l**3 - 4*l**2 + 4*l - 5. Let b be r(4). Let s(u) = -18*u - 21. Let a be s(8). Let f = b - a. Calculate the greatest common factor of 8 and f.
8
Let t be 6*(40/48 - (-1)/(-2)). Suppose t*y + 13 = -s, s - 8 + 36 = -5*y. Let c be (-2 - -402) + (s - 1) + 0. Calculate the highest common factor of c and 36.
36
Suppose -149 - 11 = 8*b. Let t be (b/12)/((-2)/558). Calculate the highest common divisor of t and 15.
15
Suppose q = 3*s + 169, -q + 4*s - 2 = -174. Suppose -2*m + q = 4*c, -87*c + 239 = 3*m - 82*c. Calculate the greatest common factor of 12 and m.
6
Let j(k) = k**3 - 10*k**2 - 7*k - 34. Let h(f) = f**2 - 2*f. Let m(t) = -5*h(t) + j(t). Let u be m(15). What is the highest common factor of u and 55?
11
Let z = 1965 - 1935. What is the highest common divisor of 240 and z?
30
Let d be (-182)/(-455)*(4*7 + 2). Calculate the highest common divisor of 786 and d.
6
Suppose 17*s - 20*s + 9 = 0. Let t = 28 + -23. Suppose -t*h - 5*l = -280, -3*h - l = h - 209. What is the highest common divisor of h and s?
3
Let l(m) = -4*m**2 + 478*m - 3686. Let x be l(111). Suppose -3*c + d + 11 = -8, -4*c + 5*d = -7. What is the greatest common factor of c and x?
8
Let d(s) = 6*s + 10. Let m be d(-2). Let j be (49/14 + -2)/(m/(-120)). What is the highest common factor of j and 150?
30
Let r(n) = -2*n + 102*n - 39 + 92*n + 144 - 28*n. Let t be r(8). What is the greatest common factor of t and 13?
13
Let y = 8 + 5. Let v = -123 - -130. Let j be (-39*6)/(v/(14/(-4))). What is the highest common divisor of y and j?
13
Let z be (-1)/(-3)*(39 - 21). Let d be (z/(-21))/((-7)/(-49)). Let j = 6 - d. What is the greatest common factor of j and 20?
4
Suppose -35*m + 25*m + 140 = 0. Suppose 4590 = m*u + 4*u. Calculate the highest common factor of 15 and u.
15
Suppose -21931*t + 9 = -21934*t, -3*t - 36 = -3*f. Suppose -5*q = -3*q + 10. Let m = 94 - q. Calculate the highest common factor of f and m.
9
Suppose -2*j + 904 = 4*v, 2*v - 3*j - j = 442. Let u(y) = y**2 - 28*y + 124. Let f be u(23). Calculate the highest common divisor of v and f.
9
Let t be 110/3*(-24)/(-10). Let n = 182 - 174. Suppose q - 5*l - 10 - n = 0, -l = 4*q - 30. Calculate the highest common divisor of q and t.
8
Let s be (-3406)/10*(-9 - (-8 + 9)). What is the highest common factor of 52 and s?
26
Let h = -3486 - -3626. What is the greatest common factor of 540 and h?
20
Let o(n) = -4*n + 10. Let g(m) = m**2 + 11*m. Let j be g(-11). Let f be o(j). Suppose -7*s + f*s = 156. Calculate the greatest common divisor of 4 and s.
4
Suppose -2360 = -3*w + 4*p, 6*w - 1446*p + 1451*p = 4616. Calculate the greatest common divisor of w and 8.
8
Let q = -203 - -208. Suppose 0*g + 30 = q*g. Calculate the greatest common divisor of 27 and g.
3
Suppose -218 = -4*s - d, 21*d - 46 = -s + 25*d. Calculate the greatest common factor of 2 and s.
2
Suppose c + 4 = 3. Let t = 14 + c. Let k be ((-20)/6*1)/((-6)/117). What is the greatest common factor of t and k?
13
Let u be (-5)/2 + (215/2)/5. Suppose -4*o + u = -41. Let w be (-9)/12*-8*1. Calculate the greatest common divisor of o and w.
3
Suppose -8 = 2*n - 4*i, 0*n - 1 = -n + i. Let o be -3 - (3 - 0 - 12). Calculate the highest common factor of o and n.
6
Suppose 2*v = -4*s - 3*v + 21, -v + 42 = 5*s. Suppose w = -4*i - 0*w + 1123, 4*w = 5*i - 1367. What is the greatest common divisor of s and i?
9
Let n(z) = -1512*z**3 + 3*z**2 - 8*z - 10. Let v be n(-1). Calculate the highest common divisor of 51 and v.
17
Let l = 244 - 235. Let m(h) = -h**2 + 8*h + 30. Let s be m(l). What is the highest common factor of 7 and s?
7
Let s(h) = -h**3 + 5*h**2 + 53*h - 2. Suppose 3*d + 3*p - 5*p - 38 = 0, 0 = 4*p + 16. Let i be s(d). What is the greatest common divisor of 2 and i?
2
Suppose 63 = 2*x + 5*x. Let r be (2 + -135)*(-9)/x. Calculate the highest common factor of 14 and r.
7
Let h = 1 - -3. Suppose -5*n = 553 + 42. Let q = 120 + n. What is the greatest common divisor of q and h?
1
Let h be -4*(0 + 3/(-4)). Let o = -14605 + 14608. Suppose o*r - 9 = 0, h*x - 3*r - 84 = 2*r. What is the greatest common divisor of x and 264?
33
Let r = 349 - 327. Let t(i) = -i**3 + 22*i**2 + 21*i + 77. Let s be t(r). Calculate the highest common factor of s and 49.
49
Let k(o) = -9 + 1 - 4*o + 26 + 18. Let x be k(8). Suppose 0 = -5*b - r + 208, -r + 70 = x*b - 96. Calculate the greatest common factor of b and 56.
14
Let h be (-18676)/464*(-22 + 2). Calculate the highest common divisor of 46 and h.
23
Suppose 5*o - 16 = -3*y, 0 = 2*o - 4*o + 5*y - 6. Suppose o*t - 162 = -7*t. Suppose -5*u = -7*u + t. Calculate the greatest common factor of u and 99.
9
Suppose 845*v - 187*v = 19726840. What is the highest common factor of v and 20?
20
Let z(n) = -3*n - 3. Let k be z(-3). Suppose -4*m = -k*m + 16. Let a(w) = w - 1. Let s be a(m). What is the highest common factor of s and 56?
7
Let c(s) = -25*s - 75. Let x be c(-3). Let g be (-5)/((-25)/10) + x. Calculate the highest common factor of g and 4.
2
Suppose -7088 = 475*d - 923838. What is the highest common factor of d and 120?
10
Let p be (-8)/(-28) - 3/(-6 + (-165582)/(-27604)). What is the highest common factor of p and 238?
34
Let t be 469/(-49) + (-6)/14. Let j be 231/15 + 4/t. Suppose s = -0 + j. What is the greatest common divisor of s and 10?
5
Let a be 36/(-4) + ((-900)/(-10))/5. What is the highest common divisor of a and 71?
1
Let c(b) = 8*b**2 + 58*b - 111. Let q be c(-32). Calculate the highest common divisor of q and 75.
75
Let s be ((-5240)/(-50))/(4/10). Let n be s - ((-8 - -6) + (-4)/(-1)). Calculate the highest common factor of n and 20.
20
Suppose 552*w + 2*o = 557*w - 6661, 0 = 3*w + 5*o - 4009. What is the greatest common factor of 774 and w?
43
Let u(f) = -23*f + 669*f**3 + 5*f**2 - 9*f - 668*f**3 - 72 + 22*f**2. Let w be u(-28). Calculate the greatest common divisor of 112 and w.
8
Let k be (-6 + 3)/(-1 + 75/84). Let p = 45 + -43. Suppose -c + 4*l = -k, 2*c - 84 = -p*c + 2*l. Calculate the highest common divisor of 160 and c.
20
Let h(s) = 17*s - 1. Let p be h(1). Let u = 24683 - 2453